True
Let f(h) = h**2 - 5*h - 4. Let z be f(5). Let t be ((-388)/(-3))/((-3)/9). Is -3 + (t/z - 1) a prime number?
False
Is (17 + -10)*7717/7 a prime number?
True
Let z(l) = 22*l**2 - l - 12. Let u be z(8). Let b = u + -451. Is b composite?
False
Let k be 5121/4 - 1/4. Suppose -7*t = -2*t + k. Let r = 593 + t. Is r composite?
False
Let q(g) = -g**3 - 26*g**2 + 57*g + 41. Is q(-29) composite?
False
Let s(m) = 3*m**3 + 3*m**2 + 4*m. Let a be s(-2). Let x be 1*a/8*6. Is 6678/30 + (-6)/x prime?
True
Let u(o) = 4*o - 27. Let h be u(6). Let r(q) = -148*q + 1. Is r(h) a composite number?
True
Let a be (-8)/44 - 101/(-11). Suppose a + 18 = 3*z. Is (9/z)/(1/37) composite?
False
Suppose -v = -q - 6 - 0, 4*q = -3*v + 4. Suppose -u + v*u = 753. Is u a composite number?
False
Let h(a) = -116*a - 1. Let l(p) = -p - 13. Let s be l(-4). Is h(s) a composite number?
True
Suppose o = 5*f + 2903, 3*o - 2720 = -5*f + 5989. Is o a prime number?
True
Let z = -16 + 16. Suppose x + 0*x - 3 = z. Is (-9 - x)/(-3) - -207 a composite number?
False
Let y(j) = -6*j + 4*j**3 + 0 - 2 - 5*j**3 + 2*j + 7*j**2. Let x be y(6). Suppose 0 = -2*k + x*k - 4904. Is k prime?
True
Is 2*(9/(-6))/((-12)/12260) composite?
True
Suppose 20*f + 474726 = 62*f. Is f composite?
True
Let i = -11 + 21. Let y be (-15)/i*(-1 + -1491). Is (-2)/7 - y/(-42) prime?
True
Let s(h) = 844*h - 8. Let r be s(3). Suppose -3*p + r = 367. Is p a prime number?
True
Let n(i) = 154*i**3 - 4*i**2 + 4*i + 1. Let z = 74 - 71. Is n(z) composite?
True
Suppose 4*j = -3*a + 8*a + 24, -2*j + 12 = -a. Suppose -j*b + b + 775 = 0. Is b a prime number?
False
Let g(m) = m**3 + m**2 + m + 5. Suppose 5*x - 2*x = 0. Let q be g(x). Suppose 0 = u - 2*u - 4*v + 43, -q*u = 5*v - 170. Is u prime?
True
Is 8/(-6)*60396/(-112) a composite number?
False
Let h be -8 + 11 - (0 + -3). Suppose -3*m = -p - 4*m + 6, -p + h = 2*m. Let a(u) = -u**3 + 7*u**2 - 3*u + 8. Is a(p) a prime number?
False
Suppose -8*n - 9 = -5*n. Is (n - -1912 - 2)/(2 - 1) a composite number?
False
Suppose -q - 5*z - 74 = 0, 3*z - 2 - 4 = 0. Let s = q - -733. Is s a prime number?
False
Suppose -2*v + 13 + 6 = 3*s, 4*v - 35 = -3*s. Suppose -3*x = 3*o - 90 - 1665, -4*x - v = 0. Is o a composite number?
False
Is (148946/(-84))/(1/(-6)) a prime number?
True
Suppose -9*r + 25 = -20. Suppose -7*u + 9*u = -3*j + 1826, 4547 = r*u + 3*j. Is u a prime number?
True
Suppose 4*t = -5*x + 967, t - 228 = -0*x - 4*x. Suppose -3*v + t = 5*v. Is v a prime number?
True
Suppose -2*l + 4*s = -3 - 15, 0 = -3*s - 3. Suppose 2*f = l*f. Suppose 0*x - x = -3, f = -3*i - 4*x + 117. Is i a prime number?
False
Let p = -45 - -50. Suppose -p*q + 1548 = -2*q + 5*o, 5*q - 3*o = 2614. Is q composite?
False
Let g(x) = 4*x + x**3 - 6*x + 7 - 3*x**2 - 3*x**2. Let j be g(6). Let t(l) = 2*l**2 - 7*l + 2. Is t(j) a composite number?
True
Suppose -4*g = -5*t - 27, -t + 2*t = 4*g - 31. Let f(s) = s**3 - 7*s**2 - 11*s + 12. Let m be f(g). Is m/(-30) + 2013/5 a prime number?
False
Suppose 3*o - 4*o = -g + 14, o - 22 = -3*g. Let v(c) = 8*c - 4*c - 3 + 4*c. Is v(g) composite?
True
Let w(u) = u + 11. Let q be w(-9). Suppose 3*x + 16 = q*j, j - 3*j + 16 = 2*x. Let m(k) = k**3 - 2*k**2 - 9*k - 11. Is m(j) a composite number?
True
Suppose -5*i + 6 = -19. Suppose -884 = -i*z - 0*k - k, 881 = 5*z + 4*k. Is z prime?
False
Let g(t) = -1417*t - 8. Let u be g(-4). Suppose 0*a = -4*a + u. Suppose 2*m = c - 636 + 163, -4*m - a = -3*c. Is c composite?
True
Let x(k) = -k**3 - 2*k**2 - 4*k - 2. Suppose -15 = 4*d - 3. Is x(d) a composite number?
False
Suppose 5*m - 10*m = -4*k + 11839, 0 = -3*k - 4*m + 8887. Is 10/3*k/105 prime?
False
Suppose 0 = -3*h + 1 - 4. Is 20/(-8)*(h + 618/(-10)) a prime number?
True
Let w = -15 - -30. Suppose -2936 = -w*j + 11*j. Is j a composite number?
True
Let b be 5/((-30)/8)*3. Is (6/b)/((-2)/252) + 2 prime?
True
Let d(g) = 3*g**3 - g**2. Let r be d(1). Suppose y = -3, -2*i + 4*i - 768 = r*y. Suppose j = -2*j + i. Is j composite?
False
Suppose -7*x + 86956 + 11023 = 0. Is x a prime number?
True
Let v = -6806 + 10119. Is v prime?
True
Let d(c) = 17*c**2 - 44*c + 35. Is d(-24) composite?
False
Is ((-53)/3)/(54/(-34506)) + 2 composite?
True
Let n = -417 + 1564. Is n a prime number?
False
Suppose 4*p = 2*p. Suppose p = -3*c - 2*c - 50. Is (56/(-20))/(c/425) composite?
True
Let j(v) = 442*v - 102. Let c(i) = -177*i + 41. Let f(y) = 12*c(y) + 5*j(y). Is f(10) prime?
False
Let o(g) = -33*g - 26. Let u(q) = 60*q**3 + q**2 - 2*q + 1. Let f be u(1). Suppose 0*l = 4*l + f. Is o(l) composite?
True
Let z be (-2 + 9 + 0)/1. Suppose 0*r - z*r = -2051. Is r prime?
True
Let n = 69 - 69. Is (-5 + n + 3)*2393/(-2) composite?
False
Suppose -37005 = -5*m + 2*n, -3*m + 3*n + 27010 = 4816. Is m prime?
False
Let l = 257 - 66. Suppose -u = -4*z - l, -510 = -3*u - z + 128. Is u a prime number?
True
Let b(f) = 3*f**2 - f - 5. Let u be b(-7). Suppose -u = 4*g + x - 4514, 4*g - 2*x - 4374 = 0. Let d = -413 + g. Is d composite?
True
Suppose 5*w - 50 = 3*r, -3*r + 2*w - 56 = -0*r. Is 0 + 7569/15 - 8/r a composite number?
True
Let a = -9 + 15. Let h = 9 - a. Suppose -2*d = h*w - 321 - 428, 2*w - 504 = d. Is w composite?
False
Let r(w) = 2*w**3 - 16*w**2 - 15*w - 18. Let v be r(12). Suppose 8*f + v = 7250. Is f a prime number?
True
Let y = -54153 + 105326. Is y prime?
False
Let i(d) = -257*d + 11 + 17 - 28. Is i(-1) composite?
False
Suppose -s = -4*y + 7*y - 28670, 2*s - 4*y - 57390 = 0. Is s a composite number?
True
Let y(z) = -2*z - 5. Let x be y(-4). Let a be -1 - (x - (77 + 1)). Suppose f - 15 = a. Is f a prime number?
True
Suppose 2*k + k = -4*o + 11, 5*k + o - 7 = 0. Is ((-1719)/(-45)*k)/((-2)/(-10)) prime?
True
Let o = 3 + -3. Suppose -2*z - 23 = 3*n - 157, o = -2*z + 2*n + 114. Suppose -5*t + z + 49 = 0. Is t composite?
True
Suppose -j = 4*j - 20. Suppose 0 = j*q - 3*q - 149. Is q a composite number?
False
Suppose -u + 2 = -0. Let v be ((-68)/16 - -2)/((-12)/64). Suppose -u*g = v - 86. Is g a prime number?
True
Is (1445170/(-51))/((-20)/(-6) - 4) composite?
True
Suppose 3*x + 9*g - 27009 = 5*g, 2*x = -4*g + 18002. Is x a composite number?
False
Let u(b) = 3*b**2 - 36*b - 76. Is u(-29) a prime number?
True
Let z(m) = 333*m - 23. Let u(a) = -499*a + 34. Let r(d) = 5*u(d) + 7*z(d). Is r(-2) composite?
False
Suppose 0 = -4*p + 8*p + 3*z + 29, -p - 4 = 4*z. Let a(r) = 57*r**2 - 1. Is a(p) prime?
False
Suppose 3*u = -b + 24640, -3*b = 3*u - 5*u - 73975. Is b prime?
False
Suppose -p = -4*g - 13, -3*p + g + 3*g + 31 = 0. Let n = p - -1. Suppose -n = -5*b + 10, 0 = -5*w + 3*b + 2023. Is w composite?
True
Suppose 62*u - 167360 = -2*u. Is u composite?
True
Suppose -10*g - 76 = -14*g. Suppose -f + 62 = g. Is f prime?
True
Suppose -5*u = -2*u + 4*s - 5663, s = 3*u - 5668. Is u prime?
True
Let g(f) = 22*f + 6. Let v(i) = i. Let z = -11 + 14. Let l(h) = z*v(h) - g(h). Is l(-5) composite?
False
Let l = 1523 + -3970. Let i = l - -4950. Is i composite?
False
Let g(n) = n - 7. Let j be g(7). Suppose q = 5*y + 6*q + 11850, -2*q = j. Let k = 3467 + y. Is k prime?
True
Let v(b) = -b**3 - 2*b + 11027. Is v(0) composite?
False
Suppose 2*l - 43 - 79 = -4*i, 0 = -4*i + 3*l + 97. Let h be (10 - 8)/((-2)/(-69)). Let g = i + h. Is g prime?
True
Let l be 27739/4 + (60/(-16) - -4). Let c = -1980 + l. Is c composite?
True
Suppose -5*c = 3*h - 31, -c + 15 = 7*h - 2*h. Let l(w) = 57*w**3 - 2*w**2 + 2*w - 3. Is l(h) composite?
False
Let c = -35 + 23. Is (c/(-10))/(44/2090) a prime number?
False
Let h(n) = 4*n**2 - 15*n + 5. Let r be h(4). Let l(y) = -7*y - 2*y + r - y. Is l(-11) a prime number?
False
Suppose 3*m + 2*m + 55 = 0. Let o(q) = q**2 - 5*q - 27. Is o(m) composite?
False
Let k(g) = 1364*g - 87. Is k(10) prime?
True
Suppose 0 = s - 3 - 2. Suppose -5*b - 1 = 2*d, 0*b - s*b = -2*d - 51. Is 22/(-143) - 964/d a prime number?
False
Is ((-272752)/32)/(2/(-4)) prime?
True
Suppose -5*h = -5*z + 650, 3*h = 2*z - 282 + 21. Let x = 548 - z. Is x a prime number?
True
Let l(s) = 2*s**3 + 3 + 2*s - 3*s**2 + 0*s**3 - 3*s**3. Let c be 21/12*(-3 - (1 + 0)). Is l(c) composite?
True
Suppose -2 = 3*j + 1, 0 = -2*m + 2*j + 6. Let q be ((-4)/2)/(2/(-3)) + 0. Suppose -m*c = 6, -4*f + 0*c = q*c - 371. Is f a prime number?
False
Suppose -2*j + 7612 = 2*c + 3*c, -5*c = -4*j -